 360 = 24*s - 21*s. Let m = 16 + 317. Let d = m - s. What is the units digit of d?
3
What is the hundreds digit of (-1230054)/(-154) + 20/(-55)?
9
Let q(y) = y**3 - y**2 - 2*y. Let c be q(0). Suppose c = 2*u - 5*u + 957. Let p = u - 120. What is the hundreds digit of p?
1
Let w be (-10 - -8) + -67 + (-1)/(-1). Let f = 216 + w. What is the hundreds digit of f?
1
Let v be (2/(8/(-20)))/(3/(-9)). Suppose -v*k + 58*k = 8686. What is the units digit of k?
2
Suppose 0 = -170*g + 3*g + 1136101. What is the units digit of g?
3
Let p(h) = -89*h - 193. Let g be p(-5). Let a(v) = v**2 + 5*v - 4. Let r be a(-6). Suppose 2*f + 0*f = r*n + g, 0 = -f - 2*n + 123. What is the tens digit of f?
2
Let o = -8 + 53. Let x(z) = o - 18*z - 20*z + 48*z - 13*z. What is the units digit of x(0)?
5
Suppose -16 = -0*o - 4*o + 2*v, -4 = 2*v. Suppose -o*z + 1044 = 216. What is the tens digit of z?
7
Let u(b) be the third derivative of b**5/10 - 97*b**4/12 + 14*b**3 - b**2 + 159. What is the hundreds digit of u(39)?
6
Let f = -155 - -157. Suppose -f*i = j - 846, 1692 = 4*i + 4*j - 5*j. What is the units digit of i?
3
Suppose -60*j + 64*j = -20, -2*k = -5*j - 102705. What is the ten thousands digit of k?
5
Let v(f) = -6*f + 7 - 2 - 3 + 12*f. Let z be v(1). Suppose -5*o = 5*k - 900, 3*k - 729 = -4*o + z*k. What is the units digit of o?
1
Let l(t) = 2*t**3 + 7*t**2 - 101*t + 2. What is the tens digit of l(26)?
6
Suppose 9*h + 2843 = -1108. Let v = -330 - h. What is the units digit of v?
9
Suppose 17*y + 3*y = -2*y + 516186. What is the thousands digit of y?
3
Suppose -2*y + 7*h - 3*h + 164 = 0, -y + 98 = 2*h. Suppose 0*t - t = -y. Suppose 10*c - 4*c - t = 0. What is the tens digit of c?
1
Suppose 4*m = 2*o - 0*m - 26, 4*o - 64 = -4*m. Let q(n) = -n**2 + 14*n - 14. Let i be q(o). Let h = 34 + i. What is the units digit of h?
5
What is the hundreds digit of 216128/40 + -6 + 42/(-35)?
3
Let f = 113 - -1577. Suppose 2*c - 2*q - 1682 = 0, 2*c + 4*q - f = 2*q. What is the hundreds digit of c?
8
Let o = 68986 + -20486. What is the ten thousands digit of o?
4
Let f be -2 - ((-15)/6)/(6/24). What is the units digit of 15*((-36)/f)/((-24)/64)?
0
Let p = -13267 + 23968. What is the hundreds digit of p?
7
Suppose -o + 75 = 4*r, 3*o + 4*r - 158 = o. Suppose 0 = 3*b + 2*u - o - 59, 0 = -2*u + 4. What is the tens digit of (-48)/36*(-3)/2 + b?
4
Suppose -5*a = 11*y - 5*y - 69568, -55643 = -4*a - y. What is the thousands digit of a?
3
Let g be (-8)/(-3)*21/28. Suppose -3*n = -g*f - 617, -3*n + 11*f + 602 = 6*f. What is the units digit of n?
9
Suppose -4*l = 5*u + 384, -4*l - l = -2*u + 513. Let o = l - -119. Let d = 126 - o. What is the hundreds digit of d?
1
Let l = -335 - -335. Suppose 9*d - 521 - 1675 = l. What is the units digit of d?
4
Let u be (2 - -1)/((-3)/(-2)). Suppose -13*d + 1245 = u*d. What is the tens digit of d?
8
Let q(g) = 2*g + 668 - g - 662. Let r be q(-4). What is the tens digit of (266/114)/(r/18)?
2
Suppose -4*o + o + y - 5 = 0, o = -y + 5. Suppose n - 2*n = o. Suppose -10*h - 178 + 548 = n. What is the units digit of h?
7
Suppose 4*y - 5 = -1, 3*n + 5*y = 1175. Let x be (((-8)/(-3))/(-1))/(10/n). What is the units digit of (0 - 4)*10/(-20) - x?
6
Let c(y) = -y**2 + 9*y + 79. Let b be c(24). Let t = b - -786. What is the units digit of t?
5
Suppose -4*y = -5*v + 4*v + 3, v + 11 = -3*y. What is the tens digit of ((-27)/y - 8)*312?
1
Let g be -28 - (0/(-2))/2. Suppose -5*o - 3*w = -219, 21*o = 26*o - 4*w - 198. Let r = o + g. What is the units digit of r?
4
Suppose 0 = -3*v + 3*r + 2049, 7*v - 12*v = 5*r - 3395. Let g = v + 447. What is the thousands digit of g?
1
Let q(j) = -5135*j + 367. What is the units digit of q(-2)?
7
Let h be (15/4)/((-12)/(-16)). Let p(x) = 4*x - 20. Let u be p(h). Suppose -5*w - 20 = u, -q - 3*w = w + 12. What is the units digit of q?
4
Let i(d) = -7 - 5*d**2 + d**2 + 0*d - 11*d + 5*d**2. Let v be i(11). Let o(u) = -11*u + 18. What is the tens digit of o(v)?
9
Let b = 34172 - 15651. What is the ten thousands digit of b?
1
Let k(t) = 10*t**2 - 7*t - 24. Let b(d) = d - 14. Let r be b(7). Let s be k(r). Suppose 3*q - 516 = -3*o, -2*q - 2*o + s = q. What is the units digit of q?
1
What is the thousands digit of ((-931481)/3)/(-17) + (-4)/(-6) - 1?
8
Let k(y) = 553*y - 4731. What is the tens digit of k(48)?
1
What is the ten thousands digit of 30293262/744 - (-3)/(-4)?
4
Let r(g) be the second derivative of -67*g**3/6 - 2*g**2 - 35*g. What is the units digit of r(-2)?
0
Suppose -j = -348*s + 343*s + 4421, 4*s = -2*j + 3534. What is the tens digit of s?
8
Let f(g) = -g**2 - 4*g + 4. Let a be f(-4). Let x = 0 + a. Suppose 4*z + h - 22 - 336 = 0, -x*z = -2*h - 352. What is the tens digit of z?
8
What is the thousands digit of (2/((-200)/(-30))*5784)/(3/10)?
5
Suppose -z - 5*n = -4*n - 2, 0 = -z + 2*n + 8. Suppose 2*s = 2*i - z, -5*i - 2*s + 24 = -0*i. What is the units digit of (0 - 348/i)*-1?
7
Let v = 7156 + 53. What is the tens digit of v?
0
Suppose 0 = 2*l - 5*u - 5780, -34*u = 5*l - 39*u - 14405. What is the tens digit of l?
7
Let l(r) be the third derivative of -r**6/120 + r**5/4 + r**4/12 + 11*r**3/3 - r**2 + 5*r. What is the hundreds digit of l(14)?
2
Let h = 78 + -82. What is the tens digit of ((-101)/h - 3/6)*12?
9
Let a = -16 - -22. Let q(p) = 21*p**2 - 23*p - 39. Let h(b) = -5*b**2 + 5*b + 10. Let z(u) = -9*h(u) - 2*q(u). What is the hundreds digit of z(a)?
1
Let b(z) = -772*z**2 - 2*z + 2. Let p(y) = -386*y**2 - y + 1. Let k(r) = 2*b(r) - 5*p(r). What is the tens digit of k(1)?
8
Let g be 2/14 + (-58216)/(-266). Let w = -7 + -117. Let p = g + w. What is the tens digit of p?
9
Let u = 1843 - -5559. What is the hundreds digit of u?
4
Let k be ((-35)/(-10) + -3)/(2/2664). Suppose -q + 162 = -f, 0 = -2*q + 6*q + 2*f - k. Let i = q + -77. What is the units digit of i?
8
Let c be -7 + 8 - (0 - (3157 - -2)). Suppose 182*u - 184*u + c = 0. What is the units digit of u?
0
What is the tens digit of 50*(-3551)/1590*(-1 - 2*91)?
3
Suppose 5*d = 5*a - 49880, 4*a - 68*d + 71*d = 39932. What is the thousands digit of a?
9
Suppose l + 3*l - 820 = -t, 828 = t - 4*l. Let p = t + -551. What is the hundreds digit of p?
2
Let v = -359 + 292. Let k = 617 + v. What is the units digit of k?
0
Suppose -3*r - 17 = -4*j, 3*r - 18 = -6*j + 3*j. Suppose -65 = -z + p - 4, j*z + p - 329 = 0. Let o = z - 37. What is the tens digit of o?
2
Let z(y) = -95*y - 1. Suppose 0*w + w + 2*f - 1 = 0, 0 = 3*w - 2*f + 5. What is the tens digit of z(w)?
9
Let t be (36/8 + -1)*2. Let x(r) be the third derivative of 17*r**4/24 + 5*r**3/3 - 112*r**2. What is the units digit of x(t)?
9
Let f = 99 - 150. Let d = 209 - f. What is the units digit of d?
0
Let w(g) = -26*g - 32. Let s(t) = -26*t - 31. Let d(b) = 4*s(b) - 3*w(b). Let z be d(16). What is the tens digit of (3/9)/((-4)/z)?
3
Let g(c) = 2*c**2 - 15*c - 27. Suppose 11*s = 12*s - 14. What is the units digit of g(s)?
5
Let f = -115 - -106. Let h(b) = -b**3 - 8*b**2 - 5*b - 18. What is the tens digit of h(f)?
0
Let g = -44235 + 62527. What is the thousands digit of g?
8
Suppose 19*u - 24*u = 85. Let p(d) = -19*d - 16. What is the hundreds digit of p(u)?
3
Let o = 26 - 26. Suppose o = 6*b + 11*b - 4318. What is the units digit of b?
4
Suppose 3*y = -2*p + 3*p - 8197, 4*p - 32732 = -2*y. What is the thousands digit of p?
8
Let b be 2/(-9) + -10*156/(-216). What is the hundreds digit of (-5 - -2031)*b/14?
0
Suppose -14 = -4*n + 2*o, 5*o = -4*n - 0*o + 49. Let r(c) = -7*c**2 - c + 2*c**2 + n*c**2 - 10. What is the units digit of r(11)?
0
Let c(w) = 4*w - 16. Let j be c(5). Suppose -n + 95 = -4*x - 40, 0 = j*n - x - 585. Suppose -3*r + 5*a = -223, r - 3*r + n = -3*a. What is the units digit of r?
6
Suppose 299 = -11*t + 34*t. Suppose t*l = -2*l + 3645. What is the units digit of l?
3
Let l = 28657 - 12443. Suppose -16*h = 6*h - l. What is the hundreds digit of h?
7
Suppose 5*f = -2*x - 17, 2*x + 4*f = -2*x - 4. Suppose 822 + 714 = x*g. What is the tens digit of g?
8
Suppose -8*u + 418 = -1494. Suppose -2*w - 2*z = -3*z + 326, 2*w + 5*z + 326 = 0. Let n = u + w. What is the tens digit of n?
7
Suppose -10*y = -24139 - 20781. What is the thousands digit of y?
4
Let j(v) = 1763*v - 207 + 1882*v - 3140*v. What is the thousands digit of j(4)?
1